987?
209
What is the highest common factor of 5908 and 904988?
28
Calculate the highest common factor of 47556 and 1574.
2
What is the highest common factor of 47423 and 59878?
47
Calculate the greatest common divisor of 28 and 33116076.
28
Calculate the greatest common factor of 8 and 38231752.
8
What is the highest common divisor of 5971 and 104409759?
853
What is the highest common divisor of 2018665 and 19685?
635
What is the greatest common divisor of 3556974 and 798?
6
What is the highest common divisor of 7611838 and 282?
94
Calculate the highest common divisor of 4251497 and 23104.
361
Calculate the highest common factor of 49198 and 112672102.
2894
What is the greatest common factor of 51244481 and 17755?
3551
Calculate the highest common factor of 28576414 and 590.
118
Calculate the greatest common factor of 496 and 229493.
31
Calculate the highest common factor of 35150 and 15300700.
950
What is the highest common divisor of 14730121 and 4431?
1477
Calculate the greatest common divisor of 8 and 126395656.
8
Calculate the highest common factor of 643276869 and 87.
87
What is the greatest common factor of 988 and 2450981?
247
Calculate the highest common divisor of 142623045 and 90.
45
Calculate the greatest common divisor of 764 and 287827641.
191
What is the greatest common factor of 24221902 and 37?
37
What is the highest common factor of 1354364108 and 27416?
13708
Calculate the greatest common factor of 459 and 2101965.
51
Calculate the greatest common factor of 85068 and 1236.
12
What is the highest common factor of 12421283 and 1616?
101
What is the highest common factor of 13666928 and 38?
38
Calculate the highest common factor of 3946398 and 141732.
762
Calculate the greatest common divisor of 56 and 2729576.
8
Calculate the highest common factor of 1508 and 3443518.
754
Calculate the highest common factor of 40070240 and 30590.
1330
Calculate the greatest common factor of 2166640 and 468076.
2044
Calculate the greatest common divisor of 37440 and 3029.
13
Calculate the greatest common factor of 22 and 201736656.
22
Calculate the highest common divisor of 73397 and 62168.
19
What is the greatest common divisor of 808304 and 126518?
98
What is the highest common factor of 65476 and 324?
4
What is the highest common divisor of 58630780 and 90?
10
Calculate the greatest common divisor of 643825852 and 10928.
2732
Calculate the highest common divisor of 45 and 388555.
5
Calculate the highest common divisor of 6967012 and 832.
52
Calculate the highest common factor of 22 and 11554004.
22
Calculate the highest common divisor of 26871 and 302786562.
2067
What is the highest common factor of 20458246 and 10782?
1198
Calculate the highest common factor of 10780 and 23070.
10
Calculate the greatest common divisor of 3375115 and 1940.
485
What is the greatest common divisor of 126792 and 2088?
72
What is the greatest common divisor of 20 and 36576920?
20
Calculate the highest common factor of 76618581 and 39.
39
Calculate the greatest common factor of 399 and 15466969.
133
Calculate the highest common factor of 65617590 and 8730.
2910
Calculate the greatest common divisor of 12399710 and 30.
10
Calculate the greatest common divisor of 20 and 422254370.
10
What is the highest common factor of 244 and 116041886?
122
What is the highest common divisor of 132 and 388938286?
22
Calculate the greatest common factor of 4012359 and 5733.
39
Calculate the greatest common divisor of 329732 and 100113.
221
What is the highest common factor of 1102 and 637246?
58
What is the greatest common factor of 3626454 and 40014?
1482
What is the highest common divisor of 7068032 and 1328?
16
Calculate the highest common divisor of 3261 and 613381056.
3261
What is the greatest common divisor of 639488 and 87430?
2498
Calculate the highest common divisor of 36237 and 799527.
771
Calculate the greatest common divisor of 346281 and 222573.
507
Calculate the greatest common divisor of 113500 and 59625.
125
What is the greatest common divisor of 1923859 and 35?
7
Calculate the highest common factor of 4687820 and 620.
620
Calculate the greatest common factor of 156 and 59258121.
39
Calculate the highest common divisor of 48024 and 2318376.
696
What is the highest common factor of 119110461 and 453?
453
Calculate the greatest common divisor of 6531354794 and 1418.
1418
Calculate the highest common divisor of 87912 and 19122488.
3256
What is the highest common factor of 7645044 and 108?
12
Calculate the greatest common divisor of 110911050 and 900.
450
What is the highest common factor of 1195 and 132022883?
239
Calculate the greatest common divisor of 580 and 9876840.
20
What is the highest common factor of 798 and 34433?
7
What is the highest common divisor of 50600 and 2369400?
2200
What is the highest common factor of 736 and 12382372?
92
Calculate the highest common divisor of 150898344 and 168.
24
What is the greatest common factor of 51726 and 868158?
1398
Calculate the highest common factor of 4972158 and 108.
54
What is the greatest common factor of 52425 and 216690?
3495
What is the greatest common factor of 397571 and 4370134?
1049
Calculate the highest common factor of 11592692 and 1591.
37
Calculate the highest common divisor of 7189 and 28150122.
91
Calculate the greatest common divisor of 22831479 and 6831.
2277
Calculate the greatest common divisor of 147307 and 608.
19
What is the greatest common factor of 3498660 and 7777935?
9405
Calculate the highest common divisor of 3672 and 1097736.
24
What is the greatest common divisor of 5512732 and 92?
92
What is the highest common divisor of 30820 and 3428840?
460
What is the highest common factor of 6 and 1157970?
6
Calculate the greatest common divisor of 204 and 1059144.
12
What is the greatest common divisor of 280598 and 153193?
307
Calculate the greatest common divisor of 437710 and 630.
70
What is the highest common divisor of 714 and 3702464?
34
What is the greatest common factor of 2891856 and 5016?
264
Calculate the greatest common factor of 560417 and 214786.
143
Calculate the highest common factor of 7320076 and 808.
404
Calculate the highest common divisor of 8836416 and 1631424.
5568
Calculate the greatest common factor of 1837 and 174229.
11
Calculate the highest common divisor of 49424309 and 644.
23
Calculate the greatest common divisor of 231 and 427761103.
77
Calculate the highest common factor of 88 and 103862583.
11
Calculate the greatest common divisor of 82 and 466826.
82
What is the highest common factor of 5388857506 and 13991?
13991
Calculate the highest common divisor of 11895780 and 28482.
606
Calculate the greatest common factor of 738 and 122137893.
369
What is the greatest common factor of 112482330 and 40530?
5790
What is the greatest common divisor of 1843951 and 1645?
47
Calculate the greatest common factor of 16 and 287253272.
8
Calculate the highest common factor of 349844 and 3608.
44
Calculate the highest common factor of 1833390 and 156975.
195
What is the greatest common factor of 71258358 and 2466?
822
Calculate the highest common factor of 805 and 2837165.
115
Calculate the highest common divisor of 9638358 and 1416.
354
What is the highest common factor of 526075 and 25?
25
What is the highest common divisor of 303966 and 2574?
234
Calculate the greatest common divisor of 8 and 67952504.
8
Calculate the highest common divisor of 10651 and 3148339741.
10651
Calculate the highest common factor of 3015 and 50641749.
603
What is the highest common factor of 761 and 31213937?
761
What is the greatest common divisor of 175 and 5575255?
35
Calculate the highest common divisor of 612 and 1742874.
102
Calculate the greatest common divisor of 45 and 1401150.
15
What is the greatest common divisor of 22376653 and 21385?
611
Calculate the greatest common factor of 390940 and 259732.
44
Calculate the greatest common divisor of 273 and 475683.
39
Calculate the highest common divisor of 2412 and 238964478.
402
Calculate the greatest common factor of 7960018 and 44.
22
Calculate the highest common factor of 4767 and 5061.
21
What is the highest common divisor of 325706607 and 1065?
213
Calculate the highest common divisor of 3412704 and 399.
57
Calculate the greatest common